{"id":17,"date":"2025-11-16T10:29:48","date_gmt":"2025-11-16T10:29:48","guid":{"rendered":"https:\/\/chateaudevilleauval.fr\/?page_id=17"},"modified":"2026-02-18T17:15:36","modified_gmt":"2026-02-18T17:15:36","slug":"ville-au-val","status":"publish","type":"page","link":"https:\/\/chateaudevilleauval.fr\/","title":{"rendered":"Ch\u00e2teau de Ville au Val &#8211; Monument Historique &#8211; G\u00eete du comte Bourcier"},"content":{"rendered":"\n<p><strong>Charme et histoire en Meurthe-et-Moselle<\/strong><br>Dominant la vall\u00e9e de la Natagne, v\u00e9ritable poumon vert entre Nancy et Metz, \u00e0 un jet de pierre de l&rsquo;A31, nous vous accueillons au ch\u00e2teau de Ville au Val, demeure d&rsquo;exception des XVIe &#8211; XVIIIe si\u00e8cles. Monument historique class\u00e9, c&rsquo;est d&rsquo;abord une maison de famille, entr\u00e9e dans la famille d&rsquo;Emmanuelle depuis que son a\u00efeul, g\u00e9n\u00e9ral de Napol\u00e9on l&rsquo;acquiert en 1809. Samuel, passionn\u00e9 d&rsquo;histoire, se fera un plaisir de vous faire d\u00e9couvrir les charmes et les secrets de la maison.<\/p>\n\n\n\n<p>Contact :<br>Chateaudevilleauval@orange.fr<br>samuel.redonnet@orange.fr<br>33 6 07 86 32 44<\/p>\n\n\n<div class=\"wp-block-image\">\n<figure class=\"alignleft size-large is-resized\"><img loading=\"lazy\" decoding=\"async\" width=\"1024\" height=\"768\" src=\"https:\/\/chateaudevilleauval.fr\/wp-content\/uploads\/2025\/11\/E-et-SR.jpg-1024x768.jpg\" alt=\"Portrait de Samuel et Emmanuelle \" class=\"wp-image-431\" style=\"width:232px;height:auto\" srcset=\"https:\/\/chateaudevilleauval.fr\/wp-content\/uploads\/2025\/11\/E-et-SR.jpg-1024x768.jpg 1024w, https:\/\/chateaudevilleauval.fr\/wp-content\/uploads\/2025\/11\/E-et-SR.jpg-300x225.jpg 300w, https:\/\/chateaudevilleauval.fr\/wp-content\/uploads\/2025\/11\/E-et-SR.jpg-768x576.jpg 768w, https:\/\/chateaudevilleauval.fr\/wp-content\/uploads\/2025\/11\/E-et-SR.jpg-1536x1152.jpg 1536w, https:\/\/chateaudevilleauval.fr\/wp-content\/uploads\/2025\/11\/E-et-SR.jpg-2048x1536.jpg 2048w, https:\/\/chateaudevilleauval.fr\/wp-content\/uploads\/2025\/11\/E-et-SR.jpg-400x300.jpg 400w\" sizes=\"auto, (max-width: 1024px) 100vw, 1024px\" \/><\/figure>\n<\/div>","protected":false},"excerpt":{"rendered":"<p>Charme et histoire en Meurthe-et-MoselleDominant la vall\u00e9e de la Natagne, v\u00e9ritable poumon vert entre Nancy et Metz, \u00e0 un jet de pierre de l&rsquo;A31, nous vous accueillons au ch\u00e2teau de Ville au Val, demeure d&rsquo;exception des XVIe &#8211; XVIIIe si\u00e8cles. &hellip; <a href=\"https:\/\/chateaudevilleauval.fr\/\">Continuer la lecture <span class=\"meta-nav\">&rarr;<\/span><\/a><\/p>\n","protected":false},"author":1,"featured_media":40,"parent":0,"menu_order":0,"comment_status":"closed","ping_status":"closed","template":"","meta":{"footnotes":""},"class_list":["post-17","page","type-page","status-publish","has-post-thumbnail","hentry"],"aioseo_notices":[],"_links":{"self":[{"href":"https:\/\/chateaudevilleauval.fr\/index.php\/wp-json\/wp\/v2\/pages\/17","targetHints":{"allow":["GET"]}}],"collection":[{"href":"https:\/\/chateaudevilleauval.fr\/index.php\/wp-json\/wp\/v2\/pages"}],"about":[{"href":"https:\/\/chateaudevilleauval.fr\/index.php\/wp-json\/wp\/v2\/types\/page"}],"author":[{"embeddable":true,"href":"https:\/\/chateaudevilleauval.fr\/index.php\/wp-json\/wp\/v2\/users\/1"}],"replies":[{"embeddable":true,"href":"https:\/\/chateaudevilleauval.fr\/index.php\/wp-json\/wp\/v2\/comments?post=17"}],"version-history":[{"count":25,"href":"https:\/\/chateaudevilleauval.fr\/index.php\/wp-json\/wp\/v2\/pages\/17\/revisions"}],"predecessor-version":[{"id":558,"href":"https:\/\/chateaudevilleauval.fr\/index.php\/wp-json\/wp\/v2\/pages\/17\/revisions\/558"}],"wp:featuredmedia":[{"embeddable":true,"href":"https:\/\/chateaudevilleauval.fr\/index.php\/wp-json\/wp\/v2\/media\/40"}],"wp:attachment":[{"href":"https:\/\/chateaudevilleauval.fr\/index.php\/wp-json\/wp\/v2\/media?parent=17"}],"curies":[{"name":"wp","href":"https:\/\/api.w.org\/{rel}","templated":true}]}}